me factors of l.
13
Suppose 2*t = -2 - 14. Let f(v) = v**3 + 7*v**2 - 9*v + 7. What are the prime factors of f(t)?
3, 5
Suppose -3*f + 107 + 6043 = 0. Suppose 5*q = -4*y - f, -4*y = -5*q + 3*q - 820. List the prime factors of q/(-25) + (-4)/10.
2
Let u = 113 - 6. List the prime factors of u.
107
Let t be -1 - (1 + -22 - 0). Let m be 44/(-6) - (-4)/(-6). Let l = m + t. What are the prime factors of l?
2, 3
Let o(i) = -i + 10. Let v be 42/(-4)*2/(-3). Let p = v + -2. What are the prime factors of o(p)?
5
Let k(g) = g**3 - 2*g**2 - 5*g + 1. Let o be k(5). Suppose -5*m + o = -84. Suppose m = 5*i - 28. List the prime factors of i.
11
Let l = -11 + 2. Let a = 3 - 2. List the prime factors of (-3 - -2)*a*l.
3
Suppose -2068 = -25*l + 2232. List the prime factors of l.
2, 43
Let n = 139 - 195. Let v be (1/2)/((-4)/n). List the prime factors of 23/v - (-4)/(-14).
3
Let m be (742/28)/(1/(-2)). Let s = m + 75. What are the prime factors of s?
2, 11
Let g(c) = -c + 1. Let q(p) = -p**3 + 8*p**2 - 8*p + 4. Let z(f) = -3*g(f) + q(f). Let y be z(5). Suppose 5*t = 4 + y. List the prime factors of t.
11
Suppose -3*p - 5*y = p - 24, 30 = 5*p - 4*y. Let a = 10 + -7. Suppose -a*m = -p - 27. List the prime factors of m.
11
Let c = 1 + 3. Suppose -r - c*r = -75. What are the prime factors of r?
3, 5
What are the prime factors of ((-300)/48 - (-1)/(-4))*-2?
13
Let n(f) = -3*f + 3. Let s be n(3). Let z = -2 - s. What are the prime factors of z?
2
Suppose -2*v + 0*v = -2*y - 188, v + 4*y - 74 = 0. List the prime factors of v.
2, 3, 5
Suppose -2*b + 8*c - 3*c = 6, 0 = -5*b + c + 8. What are the prime factors of 3*(12 - 1) - b?
31
Let w = 47 - 29. Let l = -6 - -7. Let m = w - l. What are the prime factors of m?
17
Let i be 7/(-2) - 1/(-2). List the prime factors of 7/(i + 2 - -2).
7
Let d be ((-27)/12)/((-3)/8). List the prime factors of (2/(-3))/(d/(-243)).
3
What are the prime factors of (2/6)/(7/651)?
31
Let f = 1 - 0. Let k = f + 5. What are the prime factors of k?
2, 3
Suppose -8 + 0 = -4*x. Suppose x*y - y - 2*n - 53 = 0, 2*n - 76 = -2*y. What are the prime factors of y?
43
Let r(u) = u. Suppose 0 = 4*w - 0 - 28. List the prime factors of r(w).
7
Let z = 4 - 1. Let b = -1 + z. Suppose -2*r = -2*o - 30, -3*r - b*r + o + 55 = 0. What are the prime factors of r?
2, 5
Suppose 2*p - 5*p + 4*k = 22, -2*p - 3*k + 8 = 0. List the prime factors of 2 + p*6/(-4).
5
Suppose 2*t - 2*m - 102 = -26, -2*m + 155 = 5*t. What are the prime factors of t?
3, 11
Let u(b) = b**3 + 3*b**2 - 3*b + 4. Let f be u(-4). Suppose -4*x = -f*x - 104. Let v = -16 + x. List the prime factors of v.
2, 5
Let y(u) = u**2 - 2*u - 24. What are the prime factors of y(11)?
3, 5
Let y = -34 - -60. Let d = 44 - y. What are the prime factors of d?
2, 3
Let t(v) = -v**2 + 13*v - 5. Let q be t(5). Suppose -4*b + q = -73. What are the prime factors of b?
3
Let z be (-2 + 0)/(-2 + 1). Suppose -z*n - 30 = -5*n. List the prime factors of n.
2, 5
Let i(m) = 4*m**2 - 8*m - 3. What are the prime factors of i(-6)?
3, 7
Let s(z) = 10*z**3 + 2*z**2 - 6. Let y(r) = -r**3 + 1. Let v(k) = -s(k) - 5*y(k). List the prime factors of v(-1).
2
Suppose g - 16 = 15. List the prime factors of g.
31
Let t(f) = -113*f**3 + 2*f**2 + 3*f + 2. List the prime factors of t(-1).
2, 3, 19
Let i(v) = 6*v - 1. Let s be i(1). Let d = 12 - s. List the prime factors of d.
7
Let x = -30 - -269. List the prime factors of x.
239
Let z(v) = -v**3 + 11*v**2 + 12*v + 2. What are the prime factors of z(12)?
2
Suppose -r = -6*r + 165. Suppose -r = -5*v - 8. What are the prime factors of v?
5
Suppose y + 3 = 11. List the prime factors of (-2)/y - 135/(-12).
11
Let j(l) = -l + 2. Let u be j(-2). Let i = u - 4. List the prime factors of 1 - -4*(i - -1).
5
List the prime factors of (-9)/21 + (-1731)/(-21).
2, 41
Suppose 0 = -0*r + r - 6. Let u be (2 + r/(-4))*4. Let g = u - -5. What are the prime factors of g?
7
Suppose 5*m - 5*x + 25 = 0, 3*m + x = -0*m + 5. Let q(d) = -4*d + 1 - 4*d**3 + 5*d + m. What are the prime factors of q(-1)?
2
Let d(z) = -z**2 - 9*z + 7. Let n(s) = -2*s**2 - 17*s + 13. Let v(g) = -5*d(g) + 3*n(g). Let h = -1 + -4. What are the prime factors of v(h)?
3
Suppose -5*f + 3 + 287 = 0. List the prime factors of f.
2, 29
Let r(b) = -2*b + 9. Let c(q) = -q**2 - 2*q + 3. Let l be c(2). List the prime factors of r(l).
19
Suppose -3*p = -4*z + 194, -z - 4*z + p + 237 = 0. List the prime factors of z.
47
Let h = -69 - 32. Let i = h - -149. What are the prime factors of (2/6)/(2/i)?
2
Let m = -17 + 50. Suppose 4*i - 18 - 27 = 3*p, 0 = 2*i - 5*p - m. What are the prime factors of i?
3
Let a = -9 + 18. List the prime factors of a.
3
Let z = 91 - 51. Let t = z - 29. What are the prime factors of t?
11
Let f = 6 - 4. Suppose 57 = 3*r - 2*z, 76 = 2*r + f*r - z. What are the prime factors of r?
19
Suppose 12 = -4*q, 0*q - 4*q - 32 = -5*x. Suppose x*m + 10 = 6*m. What are the prime factors of m?
5
Let z = -21 + 37. Let j = z - -12. What are the prime factors of j?
2, 7
Suppose 32*y - 235 = 27*y. List the prime factors of y.
47
Let m(d) = 2*d**3 - 4*d**2 - 15*d + 14. What are the prime factors of m(5)?
89
Let x be ((-2)/3)/(6/(-45)). Suppose p + 3 = x*m - 8, 3*m - 5 = -p. List the prime factors of m.
2
Suppose 2 - 5 = b. Let h = b + -1. Let k = 7 - h. What are the prime factors of k?
11
Suppose -k - 2*k + 72 = 0. Suppose 0 = o - 4*o + k. List the prime factors of o.
2
Let u = 5 - 1. Suppose -3*x - 20 = -u*h, -5 = -3*h + 2*h. Suppose 5*p - 2*p - 33 = x. What are the prime factors of p?
11
Suppose -2*c - 14 = -2*b, b - 23 = 2*c - 4*b. Let o = c + 9. List the prime factors of o.
5
List the prime factors of 30/((-20)/(-4))*(-86)/(-2).
2, 3, 43
Let y(z) be the third derivative of -z**4/24 + 19*z**3/3 - 2*z**2. What are the prime factors of y(0)?
2, 19
Let n(g) = -g**2 - 5*g + 8. Let w be n(-6). Suppose -w*z = -6*z + 12. List the prime factors of z.
3
Suppose -17 = -3*y - 2, v - 26 = 2*y. List the prime factors of v.
2, 3
Let x(m) = 6*m**3 - 3*m**2 + 5*m - 5. What are the prime factors of x(2)?
41
Let q(b) = -2*b - 27. Let w be q(0). Let a = -32 - -15. Let x = a - w. List the prime factors of x.
2, 5
Let r be 5 + (0 - 0/1). Suppose 4*w - 5*k = 56, r*w - 4*k - 49 = -3*k. Let s = 20 - w. What are the prime factors of s?
11
Suppose -6 = 2*y + 10. Let u = 0 - y. List the prime factors of u.
2
Suppose 0*k - 264 = -5*k - 2*h, h - 2 = 0. List the prime factors of k.
2, 13
Let x = 98 - 51. What are the prime factors of x?
47
Let s = -60 - -233. List the prime factors of s.
173
Let y(q) = q**3 + 12*q**2 + 11*q - 12. Let s be y(-9). Suppose -r + 6 = -5*f - 2, -5*f = 4*r - s. What are the prime factors of r?
2, 7
Suppose 3*f - 4*r + 0*r - 50 = 0, -f = 5*r - 23. List the prime factors of f.
2, 3
Let o(m) = 4*m - 2. Let b be o(3). Let q = b - -5. List the prime factors of q.
3, 5
Let a be ((-32)/(-6))/((-12)/(-18)). Let n = a + 3. List the prime factors of n.
11
Suppose 5 = 5*s - 0*s + 3*x, 0 = -4*x. Suppose -3*v = -l + s, 5*v = 4*l - 52 + 13. List the prime factors of l.
2
Suppose 2 + 6 = 2*g. Suppose x = -x + g. Suppose -9 = -x*o + 11. List the prime factors of o.
2, 5
Let h be ((-2)/(-6))/((-2)/6). What are the prime factors of h/(-4) - 252/(-16)?
2
Let p(c) = c**2 + 5*c - 10. Let i be p(5). Let w = i - 8. What are the prime factors of w?
2
Let i(r) = r**2 + r - 2. Let w = 18 + -11. Let s be i(w). Suppose s = 5*p - 6. List the prime factors of p.
2, 3
Let z(b) = b**3 - 2*b**2 + 1. Let w be z(1). Let k be w + 2 + 3/3. What are the prime factors of k/15 - 68/(-10)?
7
Suppose -h - h = -o - 4, 4*o = 0. List the prime factors of h.
2
Suppose 8 = -4*p, -u + 2*p + 14 = 4. Let o = 8 - u. Suppose -o*t + 8 + 3 = -l, 5*l = -3*t - 16. List the prime factors of t.
3
Suppose 4*m = 4*w - 8, -3 - 5 = -2*w. Suppose -10 = -3*f + m. Suppose -3*h + 12 = -3*u, f*h + 4*u - 5 - 3 = 0. What are the prime factors of h?
3
Let w(j) = 36*j - 32. List the prime factors of w(6).
2, 23
Let v = 0 - -2. Let d(x) = 2*x**3 - x**2 - 2*x - 1. List the prime factors of d(v).
7
Suppose -5*b - 42 = -2*g - b, -g + 5*b = -12. List the prime factors of ((-18)/g)/((-4)/78).
13
Suppose 0 = -9*p + 3*p + 78. List the prime factors of p.
13
Let t be 48/9 - 2/(-3). Let m = 0 + t. Suppose 6 = -3*b + 5*s, 4*s = 2*